{"id":653,"date":"2017-01-10T22:51:58","date_gmt":"2017-01-10T21:51:58","guid":{"rendered":"https:\/\/www.q10magicpower.de\/cms\/?page_id=653"},"modified":"2022-03-16T17:07:21","modified_gmt":"2022-03-16T16:07:21","slug":"widerrufsbestimmungen","status":"publish","type":"page","link":"https:\/\/www.q10magicpower.de\/cms\/widerrufsbestimmungen\/","title":{"rendered":"Widerrufsbestimmungen"},"content":{"rendered":"\n<style type=\"text\/css\" data-created_by=\"avia_inline_auto\" id=\"style-css-av-eqa0d-51067061a600193737c8d415653fdb20\">\n#top .av-special-heading.av-eqa0d-51067061a600193737c8d415653fdb20{\npadding-bottom:10px;\n}\nbody .av-special-heading.av-eqa0d-51067061a600193737c8d415653fdb20 .av-special-heading-tag .heading-char{\nfont-size:25px;\n}\n.av-special-heading.av-eqa0d-51067061a600193737c8d415653fdb20 .av-subheading{\nfont-size:15px;\n}\n<\/style>\n<div  class='av-special-heading av-eqa0d-51067061a600193737c8d415653fdb20 av-special-heading-h1 blockquote modern-quote  avia-builder-el-0  el_before_av_one_full  avia-builder-el-first '><h1 class='av-special-heading-tag '  itemprop=\"headline\"  >Widerrufsbestimmungen<\/h1><div class=\"special-heading-border\"><div class=\"special-heading-inner-border\"><\/div><\/div><\/div>\n\n<style type=\"text\/css\" data-created_by=\"avia_inline_auto\" id=\"style-css-av-dvo5p-de3dd9fbb7970fe646c0918c2241d47c\">\n.flex_column.av-dvo5p-de3dd9fbb7970fe646c0918c2241d47c{\nborder-radius:0px 0px 0px 0px;\npadding:0px 0px 0px 0px;\n}\n<\/style>\n<div  class='flex_column av-dvo5p-de3dd9fbb7970fe646c0918c2241d47c av_one_full  avia-builder-el-1  el_after_av_heading  el_before_av_textblock  first flex_column_div av-zero-column-padding  '     ><p>\n<style type=\"text\/css\" data-created_by=\"avia_inline_auto\" id=\"style-css-av-jgflrfl3-dafa50657f036110848222fa59cee997\">\n#top .hr.hr-invisible.av-jgflrfl3-dafa50657f036110848222fa59cee997{\nheight:50px;\n}\n<\/style>\n<div  class='hr av-jgflrfl3-dafa50657f036110848222fa59cee997 hr-invisible  avia-builder-el-2  el_before_av_image  avia-builder-el-first '><span class='hr-inner '><span class=\"hr-inner-style\"><\/span><\/span><\/div><br \/>\n\n<style type=\"text\/css\" data-created_by=\"avia_inline_auto\" id=\"style-css-av-jgfpaukt-fc87e8443c97360451e16bfb28e68e0a\">\n.avia-image-container.av-jgfpaukt-fc87e8443c97360451e16bfb28e68e0a img.avia_image{\nbox-shadow:none;\n}\n.avia-image-container.av-jgfpaukt-fc87e8443c97360451e16bfb28e68e0a .av-image-caption-overlay-center{\ncolor:#ffffff;\n}\n<\/style>\n<div  class='avia-image-container av-jgfpaukt-fc87e8443c97360451e16bfb28e68e0a av-styling- avia-align-center  avia-builder-el-3  el_after_av_hr  el_before_av_hr '   itemprop=\"image\" itemscope=\"itemscope\" itemtype=\"https:\/\/schema.org\/ImageObject\" ><div class=\"avia-image-container-inner\"><div class=\"avia-image-overlay-wrap\"><img decoding=\"async\" fetchpriority=\"high\" class='wp-image-2115 avia-img-lazy-loading-not-2115 avia_image ' src=\"https:\/\/www.q10magicpower.de\/cms\/wp-content\/uploads\/2018\/04\/q10-mgline.png\" alt='Q10 Magic Power \u00ae' title='Q10 Magic Power \u00ae'  height=\"2\" width=\"1310\"  itemprop=\"thumbnailUrl\" srcset=\"https:\/\/www.q10magicpower.de\/cms\/wp-content\/uploads\/2018\/04\/q10-mgline.png 1310w, https:\/\/www.q10magicpower.de\/cms\/wp-content\/uploads\/2018\/04\/q10-mgline-80x2.png 80w, https:\/\/www.q10magicpower.de\/cms\/wp-content\/uploads\/2018\/04\/q10-mgline-300x2.png 300w, https:\/\/www.q10magicpower.de\/cms\/wp-content\/uploads\/2018\/04\/q10-mgline-768x1.png 768w, https:\/\/www.q10magicpower.de\/cms\/wp-content\/uploads\/2018\/04\/q10-mgline-1030x2.png 1030w, https:\/\/www.q10magicpower.de\/cms\/wp-content\/uploads\/2018\/04\/q10-mgline-36x2.png 36w, https:\/\/www.q10magicpower.de\/cms\/wp-content\/uploads\/2018\/04\/q10-mgline-180x2.png 180w, https:\/\/www.q10magicpower.de\/cms\/wp-content\/uploads\/2018\/04\/q10-mgline-495x2.png 495w, https:\/\/www.q10magicpower.de\/cms\/wp-content\/uploads\/2018\/04\/q10-mgline-260x2.png 260w, https:\/\/www.q10magicpower.de\/cms\/wp-content\/uploads\/2018\/04\/q10-mgline-845x2.png 845w, https:\/\/www.q10magicpower.de\/cms\/wp-content\/uploads\/2018\/04\/q10-mgline-710x2.png 710w, https:\/\/www.q10magicpower.de\/cms\/wp-content\/uploads\/2018\/04\/q10-mgline-705x1.png 705w, https:\/\/www.q10magicpower.de\/cms\/wp-content\/uploads\/2018\/04\/q10-mgline-1210x2.png 1210w, https:\/\/www.q10magicpower.de\/cms\/wp-content\/uploads\/2018\/04\/q10-mgline-100x2.png 100w, https:\/\/www.q10magicpower.de\/cms\/wp-content\/uploads\/2018\/04\/q10-mgline-600x1.png 600w\" sizes=\"(max-width: 1310px) 100vw, 1310px\" \/><\/div><\/div><\/div><br \/>\n\n<style type=\"text\/css\" data-created_by=\"avia_inline_auto\" id=\"style-css-av-jgflrfl3-dafa50657f036110848222fa59cee997\">\n#top .hr.hr-invisible.av-jgflrfl3-dafa50657f036110848222fa59cee997{\nheight:50px;\n}\n<\/style>\n<div  class='hr av-jgflrfl3-dafa50657f036110848222fa59cee997 hr-invisible  avia-builder-el-4  el_after_av_image  avia-builder-el-last '><span class='hr-inner '><span class=\"hr-inner-style\"><\/span><\/span><\/div><\/p><\/div>\n<section  class='av_textblock_section av-jgfpbpuk-99d560ef90a927fca44acec8eed4dbd6 '   itemscope=\"itemscope\" itemtype=\"https:\/\/schema.org\/CreativeWork\" ><div class='avia_textblock'  itemprop=\"text\" ><h3>Herstellung und Vertrieb von Q10 Magic Power<sup>\u00ae<\/sup><\/h3>\n<p>Q10 Magic Power Med UG &amp; Co. KG (Haftungsbeschr\u00e4nkt)<\/p>\n<p>Strandstra\u00dfe 64<\/p>\n<p>D-23669 Timmendorfer Strand<\/p>\n<p>Tel: +49 4503 707527<\/p>\n<p>Fax: +49 4503 707529<\/p>\n<p>Mail: <a href=\"mailto:info@q10magicpower.de\">info@q10magicpower.de<\/a><\/p>\n<p><a href=\"https:\/\/www.q10magicpower.de\/\">https:\/\/www.q10magicpower.de<\/a><\/p>\n<\/div><\/section>\n\n<style type=\"text\/css\" data-created_by=\"avia_inline_auto\" id=\"style-css-av-8iigd-0844bfeac18b3654570008bc2cf0e679\">\n.flex_column.av-8iigd-0844bfeac18b3654570008bc2cf0e679{\nborder-radius:0px 0px 0px 0px;\npadding:0px 0px 0px 0px;\n}\n<\/style>\n<div  class='flex_column av-8iigd-0844bfeac18b3654570008bc2cf0e679 av_one_full  avia-builder-el-6  el_after_av_textblock  el_before_av_heading  first flex_column_div av-zero-column-padding  column-top-margin'     ><p>\n<style type=\"text\/css\" data-created_by=\"avia_inline_auto\" id=\"style-css-av-jgfpaukt-fc87e8443c97360451e16bfb28e68e0a\">\n.avia-image-container.av-jgfpaukt-fc87e8443c97360451e16bfb28e68e0a img.avia_image{\nbox-shadow:none;\n}\n.avia-image-container.av-jgfpaukt-fc87e8443c97360451e16bfb28e68e0a .av-image-caption-overlay-center{\ncolor:#ffffff;\n}\n<\/style>\n<div  class='avia-image-container av-jgfpaukt-fc87e8443c97360451e16bfb28e68e0a av-styling- avia-align-center  avia-builder-el-7  el_before_av_hr  avia-builder-el-first '   itemprop=\"image\" itemscope=\"itemscope\" itemtype=\"https:\/\/schema.org\/ImageObject\" ><div class=\"avia-image-container-inner\"><div class=\"avia-image-overlay-wrap\"><img decoding=\"async\" fetchpriority=\"high\" class='wp-image-2115 avia-img-lazy-loading-not-2115 avia_image ' src=\"https:\/\/www.q10magicpower.de\/cms\/wp-content\/uploads\/2018\/04\/q10-mgline.png\" alt='Q10 Magic Power \u00ae' title='Q10 Magic Power \u00ae'  height=\"2\" width=\"1310\"  itemprop=\"thumbnailUrl\" srcset=\"https:\/\/www.q10magicpower.de\/cms\/wp-content\/uploads\/2018\/04\/q10-mgline.png 1310w, https:\/\/www.q10magicpower.de\/cms\/wp-content\/uploads\/2018\/04\/q10-mgline-80x2.png 80w, https:\/\/www.q10magicpower.de\/cms\/wp-content\/uploads\/2018\/04\/q10-mgline-300x2.png 300w, https:\/\/www.q10magicpower.de\/cms\/wp-content\/uploads\/2018\/04\/q10-mgline-768x1.png 768w, https:\/\/www.q10magicpower.de\/cms\/wp-content\/uploads\/2018\/04\/q10-mgline-1030x2.png 1030w, https:\/\/www.q10magicpower.de\/cms\/wp-content\/uploads\/2018\/04\/q10-mgline-36x2.png 36w, https:\/\/www.q10magicpower.de\/cms\/wp-content\/uploads\/2018\/04\/q10-mgline-180x2.png 180w, https:\/\/www.q10magicpower.de\/cms\/wp-content\/uploads\/2018\/04\/q10-mgline-495x2.png 495w, https:\/\/www.q10magicpower.de\/cms\/wp-content\/uploads\/2018\/04\/q10-mgline-260x2.png 260w, https:\/\/www.q10magicpower.de\/cms\/wp-content\/uploads\/2018\/04\/q10-mgline-845x2.png 845w, https:\/\/www.q10magicpower.de\/cms\/wp-content\/uploads\/2018\/04\/q10-mgline-710x2.png 710w, https:\/\/www.q10magicpower.de\/cms\/wp-content\/uploads\/2018\/04\/q10-mgline-705x1.png 705w, https:\/\/www.q10magicpower.de\/cms\/wp-content\/uploads\/2018\/04\/q10-mgline-1210x2.png 1210w, https:\/\/www.q10magicpower.de\/cms\/wp-content\/uploads\/2018\/04\/q10-mgline-100x2.png 100w, https:\/\/www.q10magicpower.de\/cms\/wp-content\/uploads\/2018\/04\/q10-mgline-600x1.png 600w\" sizes=\"(max-width: 1310px) 100vw, 1310px\" \/><\/div><\/div><\/div><br \/>\n\n<style type=\"text\/css\" data-created_by=\"avia_inline_auto\" id=\"style-css-av-jgflrfl3-dafa50657f036110848222fa59cee997\">\n#top .hr.hr-invisible.av-jgflrfl3-dafa50657f036110848222fa59cee997{\nheight:50px;\n}\n<\/style>\n<div  class='hr av-jgflrfl3-dafa50657f036110848222fa59cee997 hr-invisible  avia-builder-el-8  el_after_av_image  avia-builder-el-last '><span class='hr-inner '><span class=\"hr-inner-style\"><\/span><\/span><\/div><\/p><\/div>\n\n<style type=\"text\/css\" data-created_by=\"avia_inline_auto\" id=\"style-css-av-7zl4l-0640e23c97203929006f78bb4a95c909\">\n#top .av-special-heading.av-7zl4l-0640e23c97203929006f78bb4a95c909{\npadding-bottom:10px;\n}\nbody .av-special-heading.av-7zl4l-0640e23c97203929006f78bb4a95c909 .av-special-heading-tag .heading-char{\nfont-size:25px;\n}\n.av-special-heading.av-7zl4l-0640e23c97203929006f78bb4a95c909 .av-subheading{\nfont-size:15px;\n}\n<\/style>\n<div  class='av-special-heading av-7zl4l-0640e23c97203929006f78bb4a95c909 av-special-heading-h2 blockquote modern-quote  avia-builder-el-9  el_after_av_one_full  el_before_av_hr '><h2 class='av-special-heading-tag '  itemprop=\"headline\"  >Widerrufsbelehrung und Ausschluss<\/h2><div class=\"special-heading-border\"><div class=\"special-heading-inner-border\"><\/div><\/div><\/div>\n\n<style type=\"text\/css\" data-created_by=\"avia_inline_auto\" id=\"style-css-av-jgflrfl3-dafa50657f036110848222fa59cee997\">\n#top .hr.hr-invisible.av-jgflrfl3-dafa50657f036110848222fa59cee997{\nheight:50px;\n}\n<\/style>\n<div  class='hr av-jgflrfl3-dafa50657f036110848222fa59cee997 hr-invisible  avia-builder-el-10  el_after_av_heading  el_before_av_textblock '><span class='hr-inner '><span class=\"hr-inner-style\"><\/span><\/span><\/div>\n<section  class='av_textblock_section av-jgfpcm5v-520e601982d4fa849d91daba4d7ac057 '   itemscope=\"itemscope\" itemtype=\"https:\/\/schema.org\/CreativeWork\" ><div class='avia_textblock'  itemprop=\"text\" ><p><strong>WIDERRUFSBELEHRUNG<\/strong><\/p>\n<p><strong>WIDERRUFSRECHT<\/strong><\/p>\n<p>Sie haben das Recht, binnen vierzehn Tagen ohne Angabe von Gr\u00fcnden diesen Vertrag zu widerrufen.&nbsp;<\/p>\n<p>Die Widerrufsfrist betr\u00e4gt vierzehn Tage ab dem Tag an dem Sie oder ein von Ihnen benannter Dritter, der nicht der Bef\u00f6rderer ist, die letzte Ware in Besitz genommen haben bzw. hat.<\/p>\n<p>Um Ihr Widerrufsrecht auszu\u00fcben, m\u00fcssen Sie uns&nbsp;<\/p>\n<p>Q10 Magic Power Med UG &amp; Co. KG (Haftungsbeschr\u00e4nkt)<\/p>\n<p>Strandstra\u00dfe 64<\/p>\n<p>D-23669 Timmendorfer Strand<\/p>\n<p>Tel: +49 4503 707527<\/p>\n<p>E-Mail: <a href=\"mailto:info@q10magicpower.de\">info@q10magicpower.de<\/a><\/p>\n<p>mittels einer eindeutigen Erkl\u00e4rung (z.B. ein mit der Post versandter Brief, Telefax oder E-Mail) \u00fcber Ihren Entschluss, diesen Vertrag zu widerrufen, informieren. Sie k\u00f6nnen daf\u00fcr das beigef\u00fcgte Muster-Widerrufsformular verwenden, das jedoch nicht vorgeschrieben ist.&nbsp;<\/p>\n<p>Zur Wahrung der Widerrufsfrist reicht es aus, dass Sie die Mitteilung \u00fcber die Aus\u00fcbung des Widerrufsrechts vor Ablauf der Widerrufsfrist absenden.<\/p>\n<p><strong>FOLGEN DES WIDERRUFS<br \/>\n<\/strong>Wenn Sie diesen Vertrag widerrufen, haben wir Ihnen alle Zahlungen, die wir von Ihnen erhalten haben, einschlie\u00dflich der Lieferkosten (mit Ausnahme der zus\u00e4tzlichen Kosten, die sich daraus ergeben, dass Sie eine andere Art der Lieferung als die von uns angebotene, g\u00fcnstigste Standardlieferung gew\u00e4hlt haben), unverz\u00fcglich und sp\u00e4testens binnen vierzehn Tagen ab dem Tag zur\u00fcckzuzahlen, an dem die Mitteilung \u00fcber Ihren Widerruf dieses Vertrags bei uns eingegangen ist. F\u00fcr diese R\u00fcckzahlung verwenden wir dasselbe Zahlungsmittel, das Sie bei der urspr\u00fcnglichen Transaktion eingesetzt haben, es sei denn, mit Ihnen wurde ausdr\u00fccklich etwas anderes vereinbart; in keinem Fall werden Ihnen wegen dieser R\u00fcckzahlung Entgelte berechnet. Wir k\u00f6nnen die R\u00fcckzahlung verweigern, bis wir die Waren wieder zur\u00fcckerhalten haben oder bis Sie den Nachweis erbracht haben, dass Sie die Waren zur\u00fcckgesandt haben, je nachdem, welches der fr\u00fchere Zeitpunkt ist.<\/p>\n<p>Sie haben die Waren unverz\u00fcglich und in jedem Fall sp\u00e4testens binnen vierzehn Tagen ab dem Tag, an dem Sie uns \u00fcber den Widerruf dieses Vertrags unterrichten, an uns zur\u00fcckzusenden oder zu \u00fcbergeben. Die Frist ist gewahrt, wenn Sie die Waren vor Ablauf der Frist von vierzehn Tagen absenden.&nbsp;<\/p>\n<p>Wir tragen die Kosten der R\u00fccksendung der Waren. Sie m\u00fcssen f\u00fcr einen etwaigen Wertverlust der Waren nur aufkommen, wenn dieser Wertverlust auf einen zur Pr\u00fcfung der Beschaffenheit, Eigenschaften und Funktionsweise der Waren nicht notwendigen Umgang mit ihnen zur\u00fcckzuf\u00fchren ist.<\/p>\n<p>Ende der Widerrufsbelehrung.<\/p>\n<p><strong>AUSNAHMEN DES WIDERRUFRECHTS<\/strong><\/p>\n<p>Das Widerrufsrecht besteht nicht bei Vertr\u00e4gen<\/p>\n<p>\u2212 zur Lieferung von Waren, die schnell verderben k\u00f6nnen oder deren Verfallsdatum schnell \u00fcberschritten w\u00fcrde,<\/p>\n<p>\u2212 zur Lieferung versiegelter Waren, die aus Gr\u00fcnden des Gesundheitsschutzes oder der Hygiene nicht zur R\u00fcckgabe geeignet sind, wenn ihre Versiegelung nach der Lieferung entfernt wurde.<\/p>\n<p>Werden Bestellungen vorgenommen, die der gewerblichen oder selbstst\u00e4ndigen beruflichen T\u00e4tigkeit des Bestellers zuzuordnen sind, steht dem Besteller kein Widerrufsrecht nach \u00a7\u00a7 312g, 355 BGB zu.<\/p>\n<\/div><\/section>\n\n<style type=\"text\/css\" data-created_by=\"avia_inline_auto\" id=\"style-css-av-jjzgezkx-72058358877276fdd1cd93cd6fb4e069\">\n.flex_column.av-jjzgezkx-72058358877276fdd1cd93cd6fb4e069{\nborder-width:1px;\nborder-color:#0a0a0a;\nborder-style:solid;\nborder-radius:5px 5px 5px 5px;\npadding:50px 50px 50px 50px;\n}\n<\/style>\n<div  class='flex_column av-jjzgezkx-72058358877276fdd1cd93cd6fb4e069 av_one_full  avia-builder-el-12  el_after_av_textblock  avia-builder-el-last  first flex_column_div  column-top-margin'     ><section  class='av_textblock_section av-jgfpcm5v-520e601982d4fa849d91daba4d7ac057 '   itemscope=\"itemscope\" itemtype=\"https:\/\/schema.org\/CreativeWork\" ><div class='avia_textblock'  itemprop=\"text\" ><h3>Muster-Widerrufsformular<\/h3>\n<p><strong>Wenn Sie den Vertrag widerrufen wollen, dann f\u00fcllen Sie bitte dieses Formular aus und senden&nbsp;Sie es zur\u00fcck.<\/strong><br \/>\n\u2013 An<\/p>\n<p>Q10 Magic Power Med UG &amp; Co. KG (Haftungsbeschr\u00e4nkt)<\/p>\n<p>Strandstra\u00dfe 64<\/p>\n<p>D-23669 Timmendorfer Strand<\/p>\n<p>Tel: +49 4503 707527<\/p>\n<p>Fax: +49 4503 707529<\/p>\n<p>E-MAIL: <a href=\"mailto:info@q10magicpower.de\">info@q10magicpower.de<\/a><\/p>\n<p>Hiermit widerrufe(n) ich\/wir (*) den von mir\/uns (*) abgeschlossenen Vertrag \u00fcber den Kauf der folgenden Waren (*)\/die Erbringung der folgenden Dienstleistung (*)&nbsp;<\/p>\n<ul>\n<li>Bestellt am (*)\/erhalten am (*):<\/li>\n<li>Rechnungsnummer:<\/li>\n<li>Name des\/der Verbraucher(s):<\/li>\n<li>Anschrift des\/der Verbraucher(s):<\/li>\n<li>Unterschrift des\/der Verbraucher(s) (nur bei Mitteilung auf Papier):<\/li>\n<li>Datum:<\/li>\n<\/ul>\n<p>(*) Unzutreffendes streichen.<\/p>\n<\/div><\/section><\/div>\n","protected":false},"excerpt":{"rendered":"","protected":false},"author":1,"featured_media":0,"parent":0,"menu_order":0,"comment_status":"closed","ping_status":"closed","template":"","meta":{"ngg_post_thumbnail":0,"footnotes":""},"class_list":["post-653","page","type-page","status-publish","hentry"],"yoast_head":"<!-- This site is optimized with the Yoast SEO plugin v26.4 - https:\/\/yoast.com\/wordpress\/plugins\/seo\/ -->\n<title>Q10 MAGIC POWER\u00ae &#187; Widerrufsbestimmungen<\/title>\n<meta name=\"description\" content=\"&#187; Widerrufsbestimmungen &#187; Q10 MAGIC POWER\u00ae\" \/>\n<meta name=\"robots\" content=\"index, follow, max-snippet:-1, max-image-preview:large, max-video-preview:-1\" \/>\n<link rel=\"canonical\" href=\"https:\/\/www.q10magicpower.de\/cms\/widerrufsbestimmungen\/\" \/>\n<meta property=\"og:locale\" content=\"de_DE\" \/>\n<meta property=\"og:type\" content=\"article\" \/>\n<meta property=\"og:title\" content=\"Q10 MAGIC POWER\u00ae &#187; Widerrufsbestimmungen\" \/>\n<meta property=\"og:description\" content=\"&#187; Widerrufsbestimmungen &#187; Q10 MAGIC POWER\u00ae\" \/>\n<meta property=\"og:url\" content=\"https:\/\/www.q10magicpower.de\/cms\/widerrufsbestimmungen\/\" \/>\n<meta property=\"og:site_name\" content=\"Q10 MAGIC POWER\u00ae\" \/>\n<meta property=\"article:publisher\" content=\"https:\/\/www.facebook.com\/www.q10magicpower.de\/\" \/>\n<meta property=\"article:modified_time\" content=\"2022-03-16T16:07:21+00:00\" \/>\n<meta name=\"twitter:card\" content=\"summary_large_image\" \/>\n<meta name=\"twitter:label1\" content=\"Gesch\u00e4tzte Lesezeit\" \/>\n\t<meta name=\"twitter:data1\" content=\"5\u00a0Minuten\" \/>\n<script type=\"application\/ld+json\" class=\"yoast-schema-graph\">{\"@context\":\"https:\/\/schema.org\",\"@graph\":[{\"@type\":\"WebPage\",\"@id\":\"https:\/\/www.q10magicpower.de\/cms\/widerrufsbestimmungen\/\",\"url\":\"https:\/\/www.q10magicpower.de\/cms\/widerrufsbestimmungen\/\",\"name\":\"Q10 MAGIC POWER\u00ae &#187; Widerrufsbestimmungen\",\"isPartOf\":{\"@id\":\"https:\/\/www.q10magicpower.de\/cms\/#website\"},\"datePublished\":\"2017-01-10T21:51:58+00:00\",\"dateModified\":\"2022-03-16T16:07:21+00:00\",\"description\":\"&#187; Widerrufsbestimmungen &#187; Q10 MAGIC POWER\u00ae\",\"breadcrumb\":{\"@id\":\"https:\/\/www.q10magicpower.de\/cms\/widerrufsbestimmungen\/#breadcrumb\"},\"inLanguage\":\"de\",\"potentialAction\":[{\"@type\":\"ReadAction\",\"target\":[\"https:\/\/www.q10magicpower.de\/cms\/widerrufsbestimmungen\/\"]}]},{\"@type\":\"BreadcrumbList\",\"@id\":\"https:\/\/www.q10magicpower.de\/cms\/widerrufsbestimmungen\/#breadcrumb\",\"itemListElement\":[{\"@type\":\"ListItem\",\"position\":1,\"name\":\"Startseite\",\"item\":\"https:\/\/www.q10magicpower.de\/cms\/\"},{\"@type\":\"ListItem\",\"position\":2,\"name\":\"Widerrufsbestimmungen\"}]},{\"@type\":\"WebSite\",\"@id\":\"https:\/\/www.q10magicpower.de\/cms\/#website\",\"url\":\"https:\/\/www.q10magicpower.de\/cms\/\",\"name\":\"Q10 MAGIC POWER\u00ae\",\"description\":\"Aktivator f\u00fcr K\u00f6rper und Geist\",\"publisher\":{\"@id\":\"https:\/\/www.q10magicpower.de\/cms\/#organization\"},\"potentialAction\":[{\"@type\":\"SearchAction\",\"target\":{\"@type\":\"EntryPoint\",\"urlTemplate\":\"https:\/\/www.q10magicpower.de\/cms\/?s={search_term_string}\"},\"query-input\":{\"@type\":\"PropertyValueSpecification\",\"valueRequired\":true,\"valueName\":\"search_term_string\"}}],\"inLanguage\":\"de\"},{\"@type\":\"Organization\",\"@id\":\"https:\/\/www.q10magicpower.de\/cms\/#organization\",\"name\":\"Q10 Magic Power - SCHNELL - EINFACH - DIREKT -\",\"url\":\"https:\/\/www.q10magicpower.de\/cms\/\",\"logo\":{\"@type\":\"ImageObject\",\"inLanguage\":\"de\",\"@id\":\"https:\/\/www.q10magicpower.de\/cms\/#\/schema\/logo\/image\/\",\"url\":\"https:\/\/www.q10magicpower.de\/cms\/wp-content\/uploads\/2019\/09\/neuer-werbebanner.png\",\"contentUrl\":\"https:\/\/www.q10magicpower.de\/cms\/wp-content\/uploads\/2019\/09\/neuer-werbebanner.png\",\"width\":1024,\"height\":524,\"caption\":\"Q10 Magic Power - SCHNELL - EINFACH - DIREKT -\"},\"image\":{\"@id\":\"https:\/\/www.q10magicpower.de\/cms\/#\/schema\/logo\/image\/\"},\"sameAs\":[\"https:\/\/www.facebook.com\/www.q10magicpower.de\/\",\"https:\/\/www.instagram.com\/q10_magic_power\/\",\"https:\/\/www.youtube.com\/channel\/UCqGTr1w6DJo7EIGuolhUoXA\"]}]}<\/script>\n<!-- \/ Yoast SEO plugin. -->","yoast_head_json":{"title":"Q10 MAGIC POWER\u00ae &#187; Widerrufsbestimmungen","description":"&#187; Widerrufsbestimmungen &#187; Q10 MAGIC POWER\u00ae","robots":{"index":"index","follow":"follow","max-snippet":"max-snippet:-1","max-image-preview":"max-image-preview:large","max-video-preview":"max-video-preview:-1"},"canonical":"https:\/\/www.q10magicpower.de\/cms\/widerrufsbestimmungen\/","og_locale":"de_DE","og_type":"article","og_title":"Q10 MAGIC POWER\u00ae &#187; Widerrufsbestimmungen","og_description":"&#187; Widerrufsbestimmungen &#187; Q10 MAGIC POWER\u00ae","og_url":"https:\/\/www.q10magicpower.de\/cms\/widerrufsbestimmungen\/","og_site_name":"Q10 MAGIC POWER\u00ae","article_publisher":"https:\/\/www.facebook.com\/www.q10magicpower.de\/","article_modified_time":"2022-03-16T16:07:21+00:00","twitter_card":"summary_large_image","twitter_misc":{"Gesch\u00e4tzte Lesezeit":"5\u00a0Minuten"},"schema":{"@context":"https:\/\/schema.org","@graph":[{"@type":"WebPage","@id":"https:\/\/www.q10magicpower.de\/cms\/widerrufsbestimmungen\/","url":"https:\/\/www.q10magicpower.de\/cms\/widerrufsbestimmungen\/","name":"Q10 MAGIC POWER\u00ae &#187; Widerrufsbestimmungen","isPartOf":{"@id":"https:\/\/www.q10magicpower.de\/cms\/#website"},"datePublished":"2017-01-10T21:51:58+00:00","dateModified":"2022-03-16T16:07:21+00:00","description":"&#187; Widerrufsbestimmungen &#187; Q10 MAGIC POWER\u00ae","breadcrumb":{"@id":"https:\/\/www.q10magicpower.de\/cms\/widerrufsbestimmungen\/#breadcrumb"},"inLanguage":"de","potentialAction":[{"@type":"ReadAction","target":["https:\/\/www.q10magicpower.de\/cms\/widerrufsbestimmungen\/"]}]},{"@type":"BreadcrumbList","@id":"https:\/\/www.q10magicpower.de\/cms\/widerrufsbestimmungen\/#breadcrumb","itemListElement":[{"@type":"ListItem","position":1,"name":"Startseite","item":"https:\/\/www.q10magicpower.de\/cms\/"},{"@type":"ListItem","position":2,"name":"Widerrufsbestimmungen"}]},{"@type":"WebSite","@id":"https:\/\/www.q10magicpower.de\/cms\/#website","url":"https:\/\/www.q10magicpower.de\/cms\/","name":"Q10 MAGIC POWER\u00ae","description":"Aktivator f\u00fcr K\u00f6rper und Geist","publisher":{"@id":"https:\/\/www.q10magicpower.de\/cms\/#organization"},"potentialAction":[{"@type":"SearchAction","target":{"@type":"EntryPoint","urlTemplate":"https:\/\/www.q10magicpower.de\/cms\/?s={search_term_string}"},"query-input":{"@type":"PropertyValueSpecification","valueRequired":true,"valueName":"search_term_string"}}],"inLanguage":"de"},{"@type":"Organization","@id":"https:\/\/www.q10magicpower.de\/cms\/#organization","name":"Q10 Magic Power - SCHNELL - EINFACH - DIREKT -","url":"https:\/\/www.q10magicpower.de\/cms\/","logo":{"@type":"ImageObject","inLanguage":"de","@id":"https:\/\/www.q10magicpower.de\/cms\/#\/schema\/logo\/image\/","url":"https:\/\/www.q10magicpower.de\/cms\/wp-content\/uploads\/2019\/09\/neuer-werbebanner.png","contentUrl":"https:\/\/www.q10magicpower.de\/cms\/wp-content\/uploads\/2019\/09\/neuer-werbebanner.png","width":1024,"height":524,"caption":"Q10 Magic Power - SCHNELL - EINFACH - DIREKT -"},"image":{"@id":"https:\/\/www.q10magicpower.de\/cms\/#\/schema\/logo\/image\/"},"sameAs":["https:\/\/www.facebook.com\/www.q10magicpower.de\/","https:\/\/www.instagram.com\/q10_magic_power\/","https:\/\/www.youtube.com\/channel\/UCqGTr1w6DJo7EIGuolhUoXA"]}]}},"_links":{"self":[{"href":"https:\/\/www.q10magicpower.de\/cms\/wp-json\/wp\/v2\/pages\/653","targetHints":{"allow":["GET"]}}],"collection":[{"href":"https:\/\/www.q10magicpower.de\/cms\/wp-json\/wp\/v2\/pages"}],"about":[{"href":"https:\/\/www.q10magicpower.de\/cms\/wp-json\/wp\/v2\/types\/page"}],"author":[{"embeddable":true,"href":"https:\/\/www.q10magicpower.de\/cms\/wp-json\/wp\/v2\/users\/1"}],"replies":[{"embeddable":true,"href":"https:\/\/www.q10magicpower.de\/cms\/wp-json\/wp\/v2\/comments?post=653"}],"version-history":[{"count":12,"href":"https:\/\/www.q10magicpower.de\/cms\/wp-json\/wp\/v2\/pages\/653\/revisions"}],"predecessor-version":[{"id":7483,"href":"https:\/\/www.q10magicpower.de\/cms\/wp-json\/wp\/v2\/pages\/653\/revisions\/7483"}],"wp:attachment":[{"href":"https:\/\/www.q10magicpower.de\/cms\/wp-json\/wp\/v2\/media?parent=653"}],"curies":[{"name":"wp","href":"https:\/\/api.w.org\/{rel}","templated":true}]}}